{"id":966,"date":"2025-02-02T15:09:44","date_gmt":"2025-02-02T14:09:44","guid":{"rendered":"https:\/\/www.phuket-thai-massage.com\/?page_id=966"},"modified":"2025-02-09T20:15:38","modified_gmt":"2025-02-09T19:15:38","slug":"massage-aux-huiles","status":"publish","type":"page","link":"https:\/\/www.phuket-thai-massage.com\/?page_id=966","title":{"rendered":"Massage Aux Huiles"},"content":{"rendered":"\t\t<div data-elementor-type=\"wp-page\" data-elementor-id=\"966\" class=\"elementor elementor-966\">\n\t\t\t\t<div class=\"elementor-element elementor-element-4a64d6e0 e-flex e-con-boxed e-con e-parent\" data-id=\"4a64d6e0\" data-element_type=\"container\">\n\t\t\t\t\t<div class=\"e-con-inner\">\n\t\t\t\t<div class=\"elementor-element elementor-element-76b29ff elementor-widget elementor-widget-image\" data-id=\"76b29ff\" data-element_type=\"widget\" data-widget_type=\"image.default\">\n\t\t\t\t<div class=\"elementor-widget-container\">\n\t\t\t\t\t\t\t\t\t\t\t\t\t\t\t<img decoding=\"async\" src=\"https:\/\/www.phuket-thai-massage.com\/wp-content\/uploads\/elementor\/thumbs\/IMG_1310-r0x149ygyzp2k66m6p2vvbuswl3n88yz1682rkpyf0.jpg\" title=\"massage huiles\" alt=\"Massage aux huiles\" loading=\"lazy\" \/>\t\t\t\t\t\t\t\t\t\t\t\t\t\t\t<\/div>\n\t\t\t\t<\/div>\n\t\t\t\t\t<\/div>\n\t\t\t\t<\/div>\n\t\t<div class=\"elementor-element elementor-element-2e689c5 e-flex e-con-boxed e-con e-parent\" data-id=\"2e689c5\" data-element_type=\"container\">\n\t\t\t\t\t<div class=\"e-con-inner\">\n\t\t\t\t<div class=\"elementor-element elementor-element-1e2bc3e3 elementor-widget-divider--view-line elementor-widget elementor-widget-divider\" data-id=\"1e2bc3e3\" data-element_type=\"widget\" data-widget_type=\"divider.default\">\n\t\t\t\t<div class=\"elementor-widget-container\">\n\t\t\t\t\t\t\t<div class=\"elementor-divider\">\n\t\t\t<span class=\"elementor-divider-separator\">\n\t\t\t\t\t\t<\/span>\n\t\t<\/div>\n\t\t\t\t\t\t<\/div>\n\t\t\t\t<\/div>\n\t\t\t\t<div class=\"elementor-element elementor-element-22d0b439 elementor-widget elementor-widget-heading\" data-id=\"22d0b439\" data-element_type=\"widget\" data-widget_type=\"heading.default\">\n\t\t\t\t<div class=\"elementor-widget-container\">\n\t\t\t\t\t<h2 class=\"elementor-heading-title elementor-size-default\">Massage Aux Huiles Chaudes<\/h2>\t\t\t\t<\/div>\n\t\t\t\t<\/div>\n\t\t\t\t\t<\/div>\n\t\t\t\t<\/div>\n\t\t<div class=\"elementor-element elementor-element-6f282d11 e-flex e-con-boxed e-con e-parent\" data-id=\"6f282d11\" data-element_type=\"container\">\n\t\t\t\t\t<div class=\"e-con-inner\">\n\t\t\t\t<div class=\"elementor-element elementor-element-1e5f8ca0 elementor-widget elementor-widget-text-editor\" data-id=\"1e5f8ca0\" data-element_type=\"widget\" data-widget_type=\"text-editor.default\">\n\t\t\t\t<div class=\"elementor-widget-container\">\n\t\t\t\t\t\t\t\t\t<p>Offrez vous un moment de d\u00e9tente ultime avec le massage aux huiles chaudes. Alliant mouvements doux et fluides \u00e0 la chaleur des huiles aromatiques, ce soin favorise la relaxation profonde, apaise les tensions musculaires et nourrit la peau. Une exp\u00e9rience sensorielle pour harmoniser le corps et l esprit. <br \/><br \/><span style=\"text-decoration: underline;\">Plusieurs huiles au choix parmi :<\/span> Sesame, Amande douce, Jojoba, Argan, Coco, Son de riz, neutre sans parfum. <br \/>Chaque huile poss\u00e8de ses propres caract\u00e9ristiques. Choisissez votre huile avec votre masseuse.<\/p>\t\t\t\t\t\t\t\t<\/div>\n\t\t\t\t<\/div>\n\t\t\t\t\t<\/div>\n\t\t\t\t<\/div>\n\t\t<div class=\"elementor-element elementor-element-4212723 e-grid e-con-boxed e-con e-parent\" data-id=\"4212723\" data-element_type=\"container\">\n\t\t\t\t\t<div class=\"e-con-inner\">\n\t\t\t\t<div class=\"elementor-element elementor-element-4ccbf490 elementor-widget elementor-widget-heading\" data-id=\"4ccbf490\" data-element_type=\"widget\" data-widget_type=\"heading.default\">\n\t\t\t\t<div class=\"elementor-widget-container\">\n\t\t\t\t\t<h2 class=\"elementor-heading-title elementor-size-default\">Solo :<\/h2>\t\t\t\t<\/div>\n\t\t\t\t<\/div>\n\t\t\t\t<div class=\"elementor-element elementor-element-20588607 elementor-widget elementor-widget-text-editor\" data-id=\"20588607\" data-element_type=\"widget\" data-widget_type=\"text-editor.default\">\n\t\t\t\t<div class=\"elementor-widget-container\">\n\t\t\t\t\t\t\t\t\t<div dir=\"auto\">1h00 &#8211; 70 \u20ac\u00a0<\/div><div dir=\"auto\">1h30 &#8211; 100 \u20ac<\/div><div dir=\"auto\">2h00 &#8211; 125 \u20ac<\/div>\t\t\t\t\t\t\t\t<\/div>\n\t\t\t\t<\/div>\n\t\t\t\t<div class=\"elementor-element elementor-element-4f024174 elementor-widget elementor-widget-heading\" data-id=\"4f024174\" data-element_type=\"widget\" data-widget_type=\"heading.default\">\n\t\t\t\t<div class=\"elementor-widget-container\">\n\t\t\t\t\t<h2 class=\"elementor-heading-title elementor-size-default\">Duo :<\/h2>\t\t\t\t<\/div>\n\t\t\t\t<\/div>\n\t\t\t\t<div class=\"elementor-element elementor-element-aaca0c5 elementor-widget elementor-widget-text-editor\" data-id=\"aaca0c5\" data-element_type=\"widget\" data-widget_type=\"text-editor.default\">\n\t\t\t\t<div class=\"elementor-widget-container\">\n\t\t\t\t\t\t\t\t\t<div dir=\"auto\">1h00 &#8211; 125 \u20ac\u00a0<\/div><div dir=\"auto\">1h30 &#8211; 160 \u20ac\u00a0<\/div><div dir=\"auto\">2h00 &#8211; 220 \u20ac\u00a0<\/div>\t\t\t\t\t\t\t\t<\/div>\n\t\t\t\t<\/div>\n\t\t\t\t\t<\/div>\n\t\t\t\t<\/div>\n\t\t<div class=\"elementor-element elementor-element-7771b802 e-flex e-con-boxed e-con e-parent\" data-id=\"7771b802\" data-element_type=\"container\">\n\t\t\t\t\t<div class=\"e-con-inner\">\n\t\t\t\t<div class=\"elementor-element elementor-element-7d372ad9 elementor-widget elementor-widget-text-editor\" data-id=\"7d372ad9\" data-element_type=\"widget\" data-widget_type=\"text-editor.default\">\n\t\t\t\t<div class=\"elementor-widget-container\">\n\t\t\t\t\t\t\t\t\t<h3 class=\"p1\" style=\"font-family: var(--global-heading-font-family); color: #ffffff;\">R\u00e9servez par t\u00e9l\u00e9phone ou en ligne sur <a style=\"transition-property: all;\" href=\"https:\/\/www.planity.com\/phuket-thai-massage-69006-lyon\" target=\"_blank\" rel=\"noopener\">PLANITY<\/a><\/h3>\t\t\t\t\t\t\t\t<\/div>\n\t\t\t\t<\/div>\n\t\t\t\t\t<\/div>\n\t\t\t\t<\/div>\n\t\t<div class=\"elementor-element elementor-element-3509c6fc e-flex e-con-boxed e-con e-parent\" data-id=\"3509c6fc\" data-element_type=\"container\">\n\t\t\t\t\t<div class=\"e-con-inner\">\n\t\t\t\t<div class=\"elementor-element elementor-element-7a3ca83c elementor-widget-divider--view-line elementor-widget elementor-widget-divider\" data-id=\"7a3ca83c\" data-element_type=\"widget\" data-widget_type=\"divider.default\">\n\t\t\t\t<div class=\"elementor-widget-container\">\n\t\t\t\t\t\t\t<div class=\"elementor-divider\">\n\t\t\t<span class=\"elementor-divider-separator\">\n\t\t\t\t\t\t<\/span>\n\t\t<\/div>\n\t\t\t\t\t\t<\/div>\n\t\t\t\t<\/div>\n\t\t\t\t\t<\/div>\n\t\t\t\t<\/div>\n\t\t\t\t<\/div>\n\t\t","protected":false},"excerpt":{"rendered":"<p>Massage Aux Huiles Chaudes Offrez vous un moment de d\u00e9tente ultime avec le massage aux huiles chaudes. Alliant mouvements doux et fluides \u00e0 la chaleur des huiles aromatiques, ce soin favorise la relaxation profonde, apaise les tensions musculaires et nourrit la peau. Une exp\u00e9rience sensorielle pour harmoniser le corps et l esprit. Plusieurs huiles au&#8230;<\/p>\n","protected":false},"author":1,"featured_media":0,"parent":0,"menu_order":0,"comment_status":"closed","ping_status":"closed","template":"","meta":{"_bst_post_transparent":"","_bst_post_title":"hide","_bst_post_layout":"fullwidth","_bst_post_sidebar_id":"","_bst_post_content_style":"unboxed","_bst_post_vertical_padding":"hide","_bst_post_feature":"hide","_bst_post_feature_position":"","_bst_post_header":false,"_bst_post_footer":false,"footnotes":""},"class_list":["post-966","page","type-page","status-publish","hentry"],"_links":{"self":[{"href":"https:\/\/www.phuket-thai-massage.com\/index.php?rest_route=\/wp\/v2\/pages\/966","targetHints":{"allow":["GET"]}}],"collection":[{"href":"https:\/\/www.phuket-thai-massage.com\/index.php?rest_route=\/wp\/v2\/pages"}],"about":[{"href":"https:\/\/www.phuket-thai-massage.com\/index.php?rest_route=\/wp\/v2\/types\/page"}],"author":[{"embeddable":true,"href":"https:\/\/www.phuket-thai-massage.com\/index.php?rest_route=\/wp\/v2\/users\/1"}],"replies":[{"embeddable":true,"href":"https:\/\/www.phuket-thai-massage.com\/index.php?rest_route=%2Fwp%2Fv2%2Fcomments&post=966"}],"version-history":[{"count":10,"href":"https:\/\/www.phuket-thai-massage.com\/index.php?rest_route=\/wp\/v2\/pages\/966\/revisions"}],"predecessor-version":[{"id":1173,"href":"https:\/\/www.phuket-thai-massage.com\/index.php?rest_route=\/wp\/v2\/pages\/966\/revisions\/1173"}],"wp:attachment":[{"href":"https:\/\/www.phuket-thai-massage.com\/index.php?rest_route=%2Fwp%2Fv2%2Fmedia&parent=966"}],"curies":[{"name":"wp","href":"https:\/\/api.w.org\/{rel}","templated":true}]}}